 + 9 + -2 + 5 + 0
8
Evaluate -2 + 9 + -12 + 4.
-1
Evaluate 5 + 6 + -6 - 1.
4
Evaluate 3 + 0 - (6 - (-4 - -10)).
3
Evaluate 173 - 162 - (-1 + 10).
2
Calculate 1 - (0 - (0 - 2)).
-1
Calculate 0 - ((12 - 9) + -1 + -5).
3
What is -1 + 1 + (-2 - 0) + -2?
-4
(-4 - (-5 + -1 + 8)) + -1
-7
Calculate -2 + (1 - 1) + (18 - 18).
-2
Calculate 20 - 27 - (-1 + -2).
-4
0 - (-1 - (0 + (-1 - 1)))
-1
What is 25 + -22 - (-1 - -1)?
3
Calculate 8 - 4 - (4 - 8) - 6.
2
What is the value of -1 - (4 - (4 + -1))?
-2
What is the value of 2 - (-5 - 1 - -6)?
2
Evaluate (-4 - -1) + -6 + 5 + 0.
-4
-3 + 5 + 4 + -8
-2
Calculate 0 + (-5 - -2) + (-2 - -9).
4
What is the value of -4 + 3 + -15 + 9?
-7
What is -3 + -4 + 4 - 0?
-3
-7 + 8 + 8 + 0 - 2
7
Evaluate -1 - -5 - (-7 - 4 - -13).
2
What is the value of 0 - (5 + -18) - 9?
4
What is -8 + 6 + (-3 + 3 - -7)?
5
Evaluate 9 + 11 + (-4 - 14).
2
What is -3 + 4 + -8 - (0 + -3)?
-4
What is the value of 19 + -6 - (8 + 8)?
-3
-2 - (-2 - (5 + -8 + 6))
3
Calculate 1 + (-22 + 14 - -16).
9
-4 + (-7 - (3 - 8))
-6
Calculate 20 + -11 + -2 - 7.
0
Evaluate -10 + 17 - (4 - -3).
0
What is the value of 6 - -2 - (34 + -30)?
4
2 + -3 + (0 - 4)
-5
What is the value of 0 + (-2 - -3) + -1?
0
What is -2 + -5 + (-2 - -12)?
3
What is 4 - (-1 + 1) - (-8 - -13)?
-1
Evaluate -1 + 1 - (-9 + 14 + -8).
3
What is (15 - 20) + -7 + 7 + -1?
-6
What is the value of 6 + -5 + -2 + -3?
-4
Evaluate 0 + (-4 - ((4 - 2) + -4)).
-2
Calculate 0 - -2 - (-1 - -4).
-1
Evaluate (3 + -5 - -5) + 6 - 2.
7
What is (-4 + 2 - 3) + 68 + -57?
6
Evaluate (2 - 5 - 3) + 6.
0
Evaluate -2 + 6 - (9 - (0 + 0)).
-5
What is 0 - (-2 + 3) - 2?
-3
What is (1 - (4 - 3)) + 2?
2
What is the value of 11 + 0 + 3 + -5?
9
-2 - (6 + -16 + 0) - 6
2
What is the value of -15 - -1 - (129 + -137)?
-6
What is 7 + -8 - ((-3 - -5) + -2)?
-1
0 + (-9 - (5 - 8))
-6
8 + -1 + (-14 - -7 - 9)
-9
What is 8 + -2 + -2 + 1 + -5?
0
What is -5 - (-22 + 17 - (-3 + -3))?
-6
What is 3 + 0 - (3 + -1)?
1
Evaluate -6 - (0 - (13 + -7)).
0
Calculate 8 + -3 + -2 - (8 - 7).
2
Calculate (4 - 7) + 7 + 0 - 1.
3
What is the value of -1 + -2 - (20 + -28)?
5
Calculate 1 + -2 + (-12 - -11 - 4).
-6
What is the value of -13 + 5 - -7 - -9?
8
-6 - (-3 - (-1 + -3 - -4))
-3
Calculate -1 - (3 - 2) - (-12 + 14).
-4
What is 1 + 3 - 7 - (-7 + -1)?
5
Evaluate 3 + -10 + (-1 - -3).
-5
What is -14 - (-1 + -4 + -14)?
5
Evaluate -5 + (2 - -1 - 3).
-5
What is -8 + -1 + 12 + -18 + 12?
-3
What is 5 - (0 + (3 + -1 - -1))?
2
What is 8 - (10 - -2 - 3)?
-1
What is the value of 3 - -3 - (4 - 13 - -11)?
4
Evaluate -4 - (0 + -1 + 0 + 0).
-3
What is the value of (1 - 0) + 6 + -2 + -1?
4
(-1 + 8 - -1) + -5
3
Evaluate 11 - ((-6 - -14) + -3).
6
Evaluate 11 + -2 + -5 + -7.
-3
Evaluate 4 + 1 - (-12 - -18) - -6.
5
(1 - 0) + -4 + 1
-2
What is -6 + (-2 - (-5 + 1) - 0)?
-4
Evaluate 1 + -3 + 12 + -8 + -2.
0
What is 7 - 4 - (4 - 1)?
0
What is (1 + -3 - -5) + -5 + 4?
2
Evaluate 2 - 2 - (-4 + 4).
0
What is the value of 2 + 1 + 0 + -6 - -7?
4
(-3 - 0) + -1 + (-16 - -18)
-2
What is -3 - ((3 - 6) + -2 + 1)?
1
Evaluate 13 + -14 + (-6 - (1 + -4)).
-4
What is 5 - (21 + (-11 - -2))?
-7
Calculate (-2 - (2 + -2)) + 5.
3
What is 13 + (-38 + 14 - -1)?
-10
-1 - (-3 + 0 - -6)
-4
What is the value of 4 - ((0 - 4 - -1) + 14)?
-7
What is the value of -5 - (6 + -8) - -7?
4
Evaluate (-2 - 3 - (-1 - 5)) + 3.
4
Evaluate -5 - ((0 - 1 - 0) + -10).
6
Evaluate -7 - (-30 - -6) - 8.
9
What is the value of 0 - 3 - (-18 + 8 + 8)?
-1
(4 - (-4 + 12)) + -2 - -1
-5
Evaluate -6 + -3 + 6 + 0 - -4.
1
What is the value of -1 - -7 - (12 + (0 - 12))?
6
Evaluate 11 + -19 + 25 + (-7 - 0).
10
Calculate 2 - (2 - (-1 + 1 - 2)).
-2
Evaluate -14 + (-7 - 2) + 13.
-10
Calculate 35 + -17 - (-7 + 16).
9
Evaluate 1 + -3 - 2 - -2.
-2
Evaluate -4 + 2 - (-40 + 38).
0
0 + 4 + 7 - 6
5
Evaluate -4 + 1 + 5 + (-3 - -5).
4
4 + -4 + -3 + 3
0
Calculate -2 + 2 + -6 + 4.
-2
(10 + -3 - 2) + -6
-1
What is 9 + (0 - 4) + 3 + -5?
3
What is the value of -67 + 70 - (-1 + 9)?
-5
What is the value of 0 + (-1 - (-1 - (-4 - -9)))?
5
Calculate 3 - (1 - (2 + -10)).
-6
4 - (13 + 11 + -28)
8
What is (5 - 13) + (-6 - -5 - -7)?
-2
Calculate 6 + 0 + (-1 - (4 + -2)).
3
What is -4 - -5 - (-1 + 3 + -1)?
0
-8 + 5 + (3 - -1)
1
Calculate 7 + -2 - 5 - -6.
6
Calculate -2 - -12 - (-1 + 6 + -2).
7
What is the value of 7 + (3 - -2) + -14?
-2
Evaluate (-3 - -7) + -2 - (3 - 3).
2
5 - (1 - (-6 + 5)) - -3
6
What is the value of 0 + (3 - 9) - (-22 - -19)?
-3
Evaluate -292 + 295 - (1 + -1).
3
Evaluate (3 - -1) + -6 + 1 + -4.
-5
Calculate (1 - (0 + 2)) + -19 + 23.
3
Calculate 2 + (4 - (-1 - (-7 - 1))).
-1
-1 - -1 - 1 - -2 - -4
5
Evaluate 0 + 0 + -3 + 15 + -22.
-10
Evaluate (7 - 1) + (-2 - 3).
1
What is the value of 6 + (-26 - -12) + 11?
3
Evaluate -1 - 3 - (-7 - -1).
2
(37 - 32) + -1 + 1 - 6
-1
What is 5 + (-4 - -1) - 0?
2
Calculate 0 + (-13 - -15) + (-4 - -2).
0
What is the value of -2 - (-4 - (1 + -5 - 0))?
-2
What is 1 + 8 + -2 + 303 + -308?
2
4 - (-5 + 10 + 3)
-4
What is the value of 6 - (-7 - -10 - 3)?
6
Evaluate (-1 + -5 - (7 + -9)) + 2.
-2
Evaluate 1 - (2 - 0) - (-151 + 145).
5
Evaluate 12 - 7 - -1 - (0 - -4).
2
Evaluate (-5 - (-2 + 4 + -5)) + 0.
-2
Evaluate 7 + -3 + -2 + -8 - -2.
-4
Evaluate 1 + 4 + (0 - (-19 + 18)).
6
What is 12 - 11 - (2 + 2 + -3)?
0
What is the value of 2 + (13 - 14 - (-5 - -1))?
5
What is (22 - 9) + (-6 - 0)?
7
What is the value of -4 + -5 + 4 + (3 - 1)?
-3
Calculate -10 + 7 + (-5 - -2).
-6
What is 3 + -4 + (-1 - 1)?
-3
What is -11 - 0 - 0 - (-5 + 1)?
-7
Evaluate 4 - (3 - (-5 - -5)).
1
What is (-15 - -9) + (1 - -3)?
-2
Evaluate -1 - (4 - (-5 + 11)).
1
Calculate -2 - -2 - (-16 + 9).
7
-1 + (-1 - 15 - -11)
-6
Evaluate 9 - (4 - -2) - 3 - -3.
3
Evaluate (-16 + 33 - 14) + (1 - -2).
6
What is the value of 3 + 1 + -2 - (11 - 7)?
-2
What is the value of -1 + 0 - (-26 - -21)?
4
(3 - 5 - (-1 + 1)) + 1
-1
What is (-13 - -2) + 5 - -2?
-4
Evaluate 5 - (-4 - -8) - (5 - 4).
0
Evaluate -5 - (1 + (-6 - (2 + -4))).
-2
-8 + (-1 - -12) - (1 + 2)
0
Calculate 16 - (-6 + 10 + 2) - 4.
6
Evaluate 0 - (-2 - (-6 - 1)).
-5
Evaluate (8 - 2 - 5) + -2.
-1
Calculate -1 + (4 - 0 - 2).
1
Evaluate -6 + -1 + 3 + 3 - -1.
0
What is the value of (-4 + 1 - (2 - 3)) + 3?
1
What is -11 + 8 - (-8 - -2)?
3
What is the value of -9 - -2 - (21 + -11 + -11)?
-6
(-2 - 0) + (0 - 4 - -2)
-4
Evaluate -6 + 5 - 1 - 1 - -2.
-1
Evaluate 8 + -5 + 3 + -3.
3
What is 8 + -5 + -6 + (-3 - 0)?
-6
What is -12 - (-5 + 11 + -10)?
-8
(8 - -1) + (-18 - -13)
4
What is -1 + 3 + 2 - (1 + 0)?
3
Calculate (2 - -1) + -1 + 4.
6
(2 + 3 - 5) + (1 - 1)
0
Evaluate 4 + 4 + -8 + 5 - 1.
4
Evaluate -7 + 7 + -2 - -5.
3
3 - -3 - (-4 + 8 + 8)
-6
Calculate 0 + 5 + (-4 - (3 - 7)).
5
Calculate 0 + 3 + (3 - 5).
1
Evaluate 0 + 2 + -3 - 0 - -5.
4
Evaluate -10 - (3 + (5 - 12) + -1).
-5
-3 + (2 - 0) + 5 - -4
8
Evaluate -2 - (5 + 0) - -5.
-2
Evaluate 2 - (12 + -5 - (-1 + 2)).
-4
-2 - -8 - (-2 + 6 + -2)
4
What is the value of (3 - 5) + -2 - -7?
3
What is the value of -13 + 18 + (-9 - 0)?
-4
Evaluate 0 + 2 - (-2 - (0 + -1)).
3
Calculate 1 + (-3 + 2 - 4).
-4
(0 - (0 + -2)) + 1 + -4
-1
Evaluate (-10 - -5) + 9 - -1.
5
What is 19 + -15 + 3 + -1 + 2?
8
What is the value of 1 + -2 + -17 + 17?
-1
What is the value of -8 + 14 - (3 + 2) - 8?
-7
What is 5 - (-1 - 2 - (-6 - 0))?
2
What is the value of 2 - (2 + 4 + (13 - 12))?
-5
What is -10 - (-10 + 6 - 16)?
10
What is the value of 6 + 9 + -22 + 7?
0
Evaluate (6 - -1 - -1) + -378 + 373.
3
What is 3 + 5 + 11 + -24?
-5
-1 + -2 + 2 + -6 + 3
-4
Evaluate (-2 - -11) + -11 + (-4 - -2).
-4
What is (-14 - -15) + (-4 - -9)?
6
Evaluate -11 + 25 + 7 + -16.
5
-26 + 15 - (-10 + -1)
0
Evaluate 0 + -1 - -1 - (0 - -1).
-1
Evaluate 6 - (6 + 0 + (4 - -2)).
-6
What is the value of -9 + 6 - (2 - 2)?
-3
Evaluate (18 - 0 - 14) + -2 + 4.
6
What is the value of 13 - (-7 - (-8 - 11))?
1
What is the value of 3 + (13 - (-10 + 20))?
6
What is the value of 5 + (-8 + 14 - 3) - 5?
3
-12 - (-3 + -4 - 0)
-5
What is the value of -1 + 0 + -5 - -1?
-5
What is the value of -7 - (-18 + 8) - (5 + 2)?
-4
(1 + -1 - (-12 - -8)) + -2
2
Evaluate -5 + 1 - (8 + -10 + 3).
-5
What is -11 + 2 + 4 + 13?
8
Evaluate 0 - (-3 - 4) - 4 - 8.
-5
5 + -3 - (-3 + 7)
-2
Calculate -5 - ((0 - 3) + (13 - 16)).
1
Evaluate 4 - (-5 - (-7 + -5)).
-3
What is (2 - 0) + -6 - (-